601920?
True
Is 477904 a multiple of 566?
False
Does 4 divide 3859336?
True
Is 15 a factor of 9241330?
False
Does 24 divide 24214642?
False
Is 92257 a multiple of 10?
False
Does 332 divide 3641044?
True
Is 52320 a multiple of 30?
True
Does 4 divide 15912?
True
Does 23 divide 861249?
False
Does 371 divide 595267?
False
Is 287533 a multiple of 5?
False
Does 21 divide 299350?
False
Is 738150 a multiple of 6?
True
Is 184617 a multiple of 176?
False
Is 345259 a multiple of 36?
False
Is 48 a factor of 569568?
True
Is 2 a factor of 96881?
False
Does 546 divide 96087?
False
Does 241 divide 4632656?
False
Does 41 divide 354158?
True
Is 108407 a multiple of 13?
True
Is 91 a factor of 2870777?
True
Is 22 a factor of 4942?
False
Does 7 divide 302827?
True
Does 183 divide 4072335?
False
Is 1308596 a multiple of 825?
False
Is 1061292 a multiple of 59?
True
Does 63 divide 497565?
False
Does 320 divide 86080?
True
Does 9 divide 915374?
False
Does 77 divide 81851?
True
Does 48 divide 668957?
False
Is 231561 a multiple of 183?
False
Is 34 a factor of 758072?
False
Is 144001 even?
False
Is 8678198 a multiple of 43?
False
Is 2 a factor of 69121?
False
Is 3875138 a multiple of 98?
False
Is 7 a factor of 272013?
True
Is 730 a factor of 2951572?
False
Is 98082 a multiple of 15?
False
Does 69 divide 17664?
True
Is 3664845 a multiple of 27?
True
Does 13 divide 3630406?
True
Does 4 divide 5879896?
True
Is 78 a factor of 142428?
True
Is 86 a factor of 171828?
True
Is 338 a factor of 710344?
False
Does 22 divide 6020222?
False
Is 204919 a multiple of 87?
False
Is 830345 a multiple of 492?
False
Is 893329 a multiple of 47?
True
Does 348 divide 57366?
False
Is 17 a factor of 514216?
True
Is 287941 a multiple of 30?
False
Does 33 divide 550313?
False
Does 44 divide 52733?
False
Does 259 divide 64491?
True
Is 18216 a multiple of 44?
True
Does 241 divide 1725801?
True
Does 12 divide 736364?
False
Is 266 a factor of 323456?
True
Is 8 a factor of 41376?
True
Does 10 divide 5128150?
True
Is 3985050 a multiple of 25?
True
Is 500598 a multiple of 126?
True
Is 3527580 a multiple of 1135?
True
Does 2216 divide 11141951?
False
Is 451197 a multiple of 29?
False
Does 8 divide 3984923?
False
Is 168804 a multiple of 81?
True
Is 71 a factor of 212275?
False
Is 178127 a multiple of 171?
False
Is 37011 a multiple of 13?
True
Is 117 a factor of 7832097?
True
Is 605 a factor of 578245?
False
Is 2563274 a multiple of 198?
False
Is 72 a factor of 14926248?
True
Is 8319665 a multiple of 317?
True
Is 56 a factor of 19656?
True
Does 48 divide 32084?
False
Is 598551 a multiple of 51?
False
Does 34 divide 22788?
False
Is 55 a factor of 322899?
False
Is 12993088 a multiple of 64?
True
Is 18 a factor of 265838?
False
Is 3 a factor of 396000?
True
Does 102 divide 7038?
True
Is 20 a factor of 324340?
True
Does 69 divide 102818?
False
Is 36538 even?
True
Does 49 divide 39102?
True
Is 1595608 a multiple of 56?
True
Is 22500 a multiple of 4?
True
Is 242019 a multiple of 97?
False
Does 164 divide 10017?
False
Is 394346 a multiple of 68?
False
Is 17 a factor of 3682149?
True
Is 399 a factor of 452865?
True
Is 383903 a multiple of 528?
False
Is 2615584 a multiple of 104?
False
Does 410 divide 235892?
False
Does 29 divide 105792?
True
Is 746305 a multiple of 209?
False
Does 233 divide 120461?
True
Does 124 divide 1016250?
False
Does 248 divide 75860?
False
Is 10155 a multiple of 5?
True
Is 494531 a multiple of 16?
False
Is 300 a factor of 555774?
False
Is 8686000 a multiple of 860?
True
Is 3 a factor of 2132710?
False
Is 471 a factor of 186987?
True
Is 233 a factor of 929440?
False
Does 5 divide 22615?
True
Does 267 divide 323435?
False
Does 10 divide 10329290?
True
Does 1075 divide 5143757?
False
Is 338440 a multiple of 102?
False
Does 21 divide 1179129?
True
Is 53 a factor of 1413828?
True
Is 5683338 a multiple of 51?
True
Is 37625 a multiple of 7?
True
Does 40 divide 419720?
True
Is 1418160 a multiple of 76?
True
Does 95 divide 25165025?
True
Is 2447506 a multiple of 130?
False
Is 794095 a multiple of 2?
False
Does 6 divide 1038156?
True
Is 138621 a multiple of 123?
True
Is 102 a factor of 2237370?
True
Is 300726 a multiple of 18?
True
Does 156 divide 13859182?
False
Does 69 divide 2831192?
False
Does 279 divide 33480?
True
Does 571 divide 370833?
False
Does 1362 divide 2553750?
True
Is 154 a factor of 462569?
False
Is 981900 a multiple of 45?
True
Does 4 divide 924940?
True
Is 43 a factor of 8973412?
True
Is 20 a factor of 7329502?
False
Is 175758 a multiple of 33?
True
Is 126 a factor of 16002?
True
Does 10 divide 2717505?
False
Is 17243 a multiple of 9?
False
Does 312 divide 143832?
True
Does 32 divide 51840?
True
Does 9 divide 2915177?
False
Is 13 a factor of 73380?
False
Is 636906 a multiple of 1051?
True
Is 145960 a multiple of 205?
True
Does 4 divide 456337?
False
Is 955680 a multiple of 120?
True
Is 232 a factor of 238656?
False
Is 257429 a multiple of 394?
False
Is 213 a factor of 214065?
True
Is 102216 a multiple of 12?
True
Is 17 a factor of 1458301?
False
Is 126 a factor of 768953?
False
Does 13 divide 260130?
True
Is 566 a factor of 710844?
False
Does 18 divide 14820228?
True
Is 39 a factor of 15630?
False
Is 791197 a multiple of 36?
False
Is 1022 a factor of 518154?
True
Does 118 divide 270599?
False
Does 122 divide 76372?
True
Is 280 a factor of 266280?
True
Is 7448303 a multiple of 1213?
False
Does 95 divide 64600?
True
Is 697 a factor of 11419648?
True
Does 46 divide 222786?
False
Is 280 a factor of 11995475?
False
Is 108426 a multiple of 51?
True
Is 31880 a multiple of 4?
True
Is 4144916 a multiple of 61?
False
Does 546 divide 363636?
True
Does 149 divide 520000?
False
Does 421 divide 2480111?
True
Does 5 divide 280037?
False
Is 356 a factor of 8805547?
False
Is 867 a factor of 2441581?
False
Is 13 a factor of 137020?
True
Does 17 divide 3220440?
False
Is 5131120 a multiple of 1008?
False
Does 31 divide 2790278?
False
Is 13 a factor of 5281133?
True
Is 7 a factor of 73053?
False
Is 25 a factor of 675402?
False
Does 52 divide 636295?
False
Does 216 divide 209736?
True
Does 2987 divide 7276332?
True
Is 8504015 a multiple of 39?
False
Is 74 a factor of 958596?
True
Does 206 divide 1178320?
True
Is 17545946 a multiple of 22?
True
Is 370806 a multiple of 18?
False
Does 321 divide 379252?
False
Does 10 divide 4184?
False
Is 139194 a multiple of 22?
True
Is 97983 a multiple of 78?
False
Is 54 a factor of 24346?
False
Is 476 a factor of 4790831?
False
Is 30 a factor of 17963?
False
Is 29586 a multiple of 2?
True
Is 66 a factor of 72204?
True
Does 12 divide 1452792?
True
Is 8 a factor of 72?
True
Is 74 a factor of 415362?
True
Is 65 a factor of 9890545?
False
Is 16 a factor of 3034027?
False
Does 21 divide 29467?
False
Does 36 divide 520164?
True
Is 18578909 a multiple of 68?
False
Does 3 divide 2653?
False
Is 31 a factor of 366947?
True
Is 9 a factor of 230184?
True
Does 44 divide 530904?
True
Is 25 a factor of 885175?
True
Is 9970472 a multiple of 14?
False
Is 14 a factor of 411567?
False
Is 133957 a multiple of 327?
False
Does 21 divide 255128?
False
Does 57 divide 4311714?
False
Is 70325 a multiple of 61?
False
Is 1585218 a multiple of 613?
True
Does 216 divide 196835?
False
Does 99 divide 106009?
False
Does 204 divide 1157088?
True
Is 19 a factor of 5307459?
False
Is 298314 a multiple of 78?
False
Is 136710 a multiple of 98?
True
Is 74 a factor of 51356?
True
Does 26 divide 4820530?
True
Is 4693303 a multiple of 17?
False
Does 72 divide 1069224?
False
Is 3 a factor of 1177893?
True
Does 12 divide 3302747?
False
Is 1880802 a multiple of 21?
True
Is 13 a factor of 200109?
True
Is 12 a factor of 909523?
False
Is 33 a factor of 783754?
False
Does 542 divide 37398?
True
Is 16 a factor of 11381216?
True
Is 179346 a multiple of 14?
False
Is 2100709 a multiple of 291?
False
Is 103820 a multiple of 290?
True
Does 3 divide 28085?
False
Is 891 a factor of 6715835?
False
Is 55506 a multiple of 11?
True
Is 83 a factor of 5656616?
True
Does 13 divide 2339025?
True
Is 114622 a multiple of 217?
False
Does 37 divide 1481879?
False
Is 45 a factor of 815410?
False
Is 10 a factor of 3335631?
False
Is 100173 a multiple of 4?
False
Is 55 a factor of 2390905?
True
Does 43 divide 50936?
False
Does 10 divide 1328